at is the value of -4 - (-12 + (7 - 6) - -31)?
-24
Evaluate 30 + (-32 - -20) + 7 + -3 + 5.
27
What is -7 - (13 + -8 + -4) - -12 - 34?
-30
Calculate -10 - ((-3 - -1) + -2 - (9 + -6 - 50)).
-53
What is the value of 10 + -1 + -13 + (44 - -1) + -8?
33
15 + -69 + 64 - ((-1 - -5) + (-5 - -78))
-67
Evaluate -33 + 14 + -1 - (9 - 6).
-23
What is the value of -9 + (-2 - -27) + 219 + -332?
-97
Evaluate (-58 - 3 - -5) + -3 - (-1260 + 1281).
-80
What is the value of 1 - -34 - (73 + -70 + 2 + -2)?
32
30 + -58 + (-43 - -47)
-24
Calculate 43 + 35 - -15 - 128.
-35
What is the value of -6 + (-7 - -24 - 54)?
-43
Evaluate -2 + (3 + -4 - 74) + (25 - -66 - 102).
-88
What is the value of 7 - (-1 + -12 - (226 + -203)) - (-1 - 8)?
52
Calculate 151 + (-383 - -241) - (107 - 1 - 1).
-96
Calculate 37 - (-11 + (18 - 7) + 0 + 6).
31
What is 79 + -2 + 1 + 1 + -1 + (958 - 956)?
80
28 + (-57 - 17) + 32
-14
0 - -26 - (-37 - (-19 + -6 + -2))
36
What is the value of (9 - (9 + 9 + -5 + -5)) + -16?
-15
Evaluate -69 + 61 - (-4 - (0 - 7)).
-11
What is the value of (9 - 5) + -184 - (1526 - 1565)?
-141
(3 - (-6 + 3)) + (88 - 134) + 5
-35
Evaluate 117 - (-173 + 120 - -52).
118
What is (-105 - 28 - -36) + -14 + 51?
-60
What is 20 - (3 - 9) - (37 - (15 - -13))?
17
Calculate (-8 - 0) + (7 - 0) + -19 + -54 + 0.
-74
What is 691 + -756 + (-31 - -9)?
-87
(0 + 4 - 11) + -3 + (-11 - 35) + 9
-47
Evaluate (91 - (-3 - -1)) + (34 + 128 - 173).
82
-18 - (13 - (-11 + 39)) - (-36 + (-1 - 1))
35
What is the value of -37 - (-38 + 106) - (-3 + 6 + 3) - -7?
-104
59 + (29 + (-8 - (3 + -7)) - 17)
67
What is the value of 133 + (-19 - -48 - 66) - 10?
86
What is 17 + -3 - ((-12 - (-14 + -12)) + -13)?
13
What is -2 + 30 + (3 - -71 - 62)?
40
What is (104 - 52) + -44 - ((1 - (0 + 2)) + 45)?
-36
What is 2881 - 2831 - (-1 - -30)?
21
What is -9 + 8 + -9 + 9 + 9 + -4 + -6?
-2
What is the value of (68 + -63 - (2 - -7)) + 10 - 21?
-15
What is the value of -1696 - -1709 - (24 + 2 - (-2 - -4))?
-11
What is (-59 - (51 - 92)) + 12 + 3?
-3
(-383 - -383 - (32 + 0)) + 17 - 0
-15
What is 39 + -18 + (48 + -35 - 9)?
25
What is -88 - -1 - (63 + -50 + (31 - 27))?
-104
What is 5 + 156 + -48 + -129?
-16
-81 + 45 + 21 - (2 - (25 + 0))
8
What is the value of 6 - (-29 + (1 - 5 - -11 - 0) - -6)?
22
Calculate -36 + -4 + 10 + (85 - 70).
-15
What is the value of -57 + 3 - (1002 - 1098)?
42
What is (179 + -80 - 162) + 88?
25
What is (2 - 56) + (6 + 8 - (27 + -7) - 5)?
-65
(38 - (88 - -59)) + 211
102
19 + -29 + (76 - (0 - 11 - -7))
70
-6 + (20 - 4 - ((7 - -20) + -10)) + -119
-126
What is the value of 9 + (8 + (-20 - -3) - -20 - 9)?
11
What is 4653 + -4676 + (-3 - -140)?
114
What is -30 - -8 - (40 - 64 - 105)?
107
Calculate (0 - -8) + (23 - 8) + -13 - 22.
-12
What is the value of -40 + 53 + (26 - (-1 + 7))?
33
Evaluate -20 - (35 - (-16 - 20)).
-91
Calculate (-16 - 3) + (35 - 37) - -15.
-6
What is the value of -6 + -61 - (-1 + (21 - -11))?
-98
Evaluate (0 - -4) + 15 + (6 - (-5 - -28)) + -20.
-18
Evaluate -7921 + 7882 + (-2 - -89).
48
Evaluate (8 - 15 - -4) + 5 + (13 - (20 - -8)).
-13
Calculate 92 - (-60 - -36) - 61.
55
What is the value of 4 + -2 - -1 - (66 - 60) - 8?
-11
What is the value of -12 - (-17 - (13 - (-8 - -1) - 8))?
17
What is -5 - -5 - (-18 - (-8 + -6 + 2) - -19)?
-13
What is -48 + -100 + 113 + 15 + -1?
-21
What is 9 - (75 - (42 + -13))?
-37
What is 100 + -57 - 20 - -1?
24
Evaluate -100 - (-89 + 66 + -48).
-29
Calculate -240 - -177 - (-30 + 39).
-72
Evaluate (19 - 9) + -18 - (-23 + 27).
-12
Calculate -140 - (197 + -124 + -177).
-36
What is the value of -13 - (-9 + -3 - -84 - 2)?
-83
What is the value of ((-4 - -6) + -2 - (35 + -42)) + 9?
16
(1 + 0 - 24) + -74 + 19
-78
Calculate 4 - (-3 - (-3 + 3) - 3) - (-119 - -109).
20
What is the value of 39 + (-2 - (5 + -4 + (13 + -3 - 4)))?
30
What is the value of 2 + -2 + (-15 - -4) + (22 - 75)?
-64
Evaluate 3 - (-3 + (-9 - 15) + 75 + (0 - -3)).
-48
Evaluate 14 + (-7 - -4) + 5 + 27 + -11 + -4.
28
Calculate -58 + 24 + (0 - 22) + -14.
-70
Evaluate -7 + -24 + 7 + 5 + -12 + 3 + 1.
-27
What is the value of (13 - 3 - (9 + 8)) + -266 + 188?
-85
What is the value of (-140 - -85) + 17 - (-24 - 0)?
-14
What is 22 - (-33 - 34 - -45)?
44
What is (-19 - -34) + -3 + -4 + -60?
-52
What is the value of 2685 + -2604 + (0 - 28)?
53
Evaluate 39 - 8 - 126 - -49.
-46
-45 - 126 - 45 - -134
-82
-10 - ((-2 - -90) + (-150 - -118))
-66
(0 - -1) + 1 + -4 + 17 + -12 + 7
10
Calculate 14 - (1 + -10 - (40 + -61)) - 22.
-20
What is -13 + -37 + 20 + (0 - (5 + -9))?
-26
Calculate 221 - 340 - -153 - (0 + -3).
37
What is the value of 2 + 4 + 3 + (-218 - -217)?
8
What is (-3 - (-2 - -7)) + 1 + (703 - 686)?
10
(-214 - -212) + (-2 - -1 - (0 + 25))
-28
129 + (-139 - -96 - -33)
119
Calculate -8 - (-9 + 53) - (5 + (-2 - 0)).
-55
(16 - -1) + (-65 - -37) + -94 + 21
-84
What is -1762 + 1743 - (-7 + 9 + -3 + -1)?
-17
What is 25 - (154 + -21 - 120)?
12
Calculate -10 - (15 + -7 + -15) - (-2 + 4 + -10).
5
What is 12761 + -12691 - ((5 - 0) + -1 - -2)?
64
6 + -38 + 27 + -1 + -3 - 22
-31
Evaluate -139 + 1 + -12 + 0 + (849 - 833) + 7.
-127
What is the value of 48 - (102 + -40) - 16?
-30
Calculate 98 + (-38 - 10) + -83.
-33
What is (-2 + 0 + -14 - (107 + -126)) + 0 + 9?
12
What is 38 + (-6 - 4) + (7 - -1) + 11 + -1?
46
What is (0 - -11) + -1 + (0 - 1) + -5 - 39?
-35
What is (-44 - (-3 + -100)) + -98?
-39
(8 - (3 - 0)) + -2 + -1 - (5 + 48)
-51
Calculate -52 - (-48 + 45) - -40.
-9
Evaluate -69 + 40 + 5 - 10.
-34
What is 104 + (-6 - 9) + -16 + 42?
115
What is the value of 2 + 0 + (-14 - 1) + (-1072 - -1062)?
-23
Calculate 4 - 0 - ((104 - -29) + -131).
2
What is -6 + (-15 - (-19 - -18)) + 11 + 143?
134
What is 0 - 2 - (-3523 - -3598)?
-77
Calculate -8 - ((-8 - 1) + (14 + -3 + 4 - 52)).
38
What is the value of -382 + 379 + (-10 - (33 - 30 - (-1 - -3)))?
-14
What is the value of (-10 - 12 - -7) + 37 + 21?
43
What is the value of (24 - 6) + -8 + (-2 + 1 + -1 - 20)?
-12
Calculate 24 - (0 - -49 - 72).
47
Calculate 6 + 2 + -2 - (444 - 395) - 5.
-48
Calculate -70 + 192 + -224 + 198.
96
Evaluate -1135 + 1113 + (-2 + 2 - (-2 - -21)).
-41
What is -3 + (-37 + 24 - -15) + (-7 - -4 - 11)?
-15
What is the value of -60 + 44 - (5 - 90 - 7)?
76
Calculate (6 - 3) + (16 - (32 - (-19 - -11))).
-21
Calculate -21 + (-10 - (-33 + 17)) - 30.
-45
Evaluate 100 + -24 + (-48 - -22) + -117.
-67
8 + (-151 - -74) + 6
-63
Evaluate (18 - 19 - ((2 - 8) + -9)) + -85.
-71
(-12 - -16) + 12 + (52 + -15 - 22)
31
-14 + ((-11 - 18) + 14 - -4) + 100
75
-2 - -19 - ((-34 - -33) + -5)
23
(139 - 276) + -1 + 38 + -2
-102
What is -1 + -14 + -24 + -1 + (-2616 - -2627)?
-29
What is the value of (5 + -17 - -25 - -22) + 20?
55
Calculate (4 - 1) + 17 + -1 - -33.
52
Evaluate 29 - (34 - -2) - -86.
79
What is (-7 - -64) + -49 + 5 + 30?
43
45 + (2 - -27) + -20 + -3
51
(7 - 72) + (246 - 217)
-36
Calculate -109 + (-6 - -125) + -104.
-94
Calculate (-35 - -70) + (-35 - -10).
10
What is -16 + -14 + (-112 - -111)?
-31
(-16 - ((-50 - (0 - -17)) + -7)) + -15
43
What is 26 - ((-2 - 31) + 25 - -137)?
-103
62 + -75 + -54 - 70 - (-1 - 7)
-129
What is -21 - ((-33 - -15 - (-48 - 36)) + 9)?
-96
-76 + 117 - (14 + 62)
-35
Calculate -3 - (13 + (-11 - -21) + -8 + 2).
-20
Calculate 1 - (-9 - 3) - ((38 - 14) + 30).
-41
Evaluate (-36 - -112 - 61) + -1 + 5.
19
(44 - -27) + -54 - -1
18
What is the value of 13 - (-14 + (-28 - -31 - -25))?
-1
Evaluate -1 + -30 - (1 - 1) - (762 - 755).
-38
Calculate 127 + -130 + 22 + 9.
28
(-29 - -19 - (-9 + 7)) + 3 + -45
-50
12 + -3 + 2 + (-129 - -146)
28
Evaluate (1 - 7) + -19 + (-23 - -37) + -18 + 1.
-28
(-1 - -7) + -7 + -9 - ((-39 - -70) + -25)
-16
What is the value of -7 + -39 + 103 + -79 + (-12 - 0)?
-34
Calculate 0 + -10 + -3 - (-116 - -73).
30
65 - (154 - (-49 + 140))
2
Evaluate 121 - 1 - (-7626 - -7726).
20
Evaluate 19 + -12 - (0 - 7 - (32 + -8 - 18)).
20
What is 9 + -6 + 3 + 153 + -160?
-1
-8 - (32 - 26 - 76)
62
Evaluate 38 + -33 + 81 + -55.
31
What is 76 + (1 - 9) - 4 - (-15 + 38 + -10)?
51
What is -2577 + 2550 + (-2 - (-4 + 2 - 0)) + -3?
-30
What is the value of (2 - 2 - 1) + (-96 - -123 - 73)?
-47
What is 13 - -27 - (20 + -19 + 15)?
24
Evaluate (0 - 5) + 3 - 9 - (1085 - 1067).
-29
Calculate (-42 - 3) + (12 - (21 + -1 + (69 - 75))).
-47
-113 - (-67 - (52 + -88))
-82
What is (60 + -